hat is 115 + 31?
146
In base 15, what is 4a - 1?
49
In base 7, what is -2 + 105?
103
In base 9, what is -1 - 1105?
-1106
In base 13, what is -2 + -5a?
-5c
In base 13, what is 2 + 96?
98
In base 16, what is 20 - 6b?
-4b
In base 12, what is 1140 + 3?
1143
In base 16, what is -4 + 182?
17e
In base 10, what is -1 - -2144?
2143
In base 14, what is 2d1 - 33?
29c
In base 2, what is 0 + 11000?
11000
In base 5, what is -11 - 22002?
-22013
In base 7, what is -2 + 214?
212
In base 14, what is 193 - 4c?
145
In base 10, what is 221 + 23?
244
In base 6, what is -405 + 0?
-405
In base 14, what is 0 - 10c?
-10c
In base 14, what is 58 - 0?
58
In base 10, what is -523 + -9?
-532
In base 8, what is 451 + 3?
454
In base 16, what is -1f - 22?
-41
In base 12, what is 1 - -3357?
3358
In base 13, what is -7 + 41?
37
In base 4, what is -220 + 3?
-211
In base 15, what is -4 + -c69?
-c6d
In base 3, what is 22 + 111?
210
In base 15, what is -3 + -43e?
-442
In base 4, what is -2010 - 1?
-2011
In base 13, what is -2c05 + -4?
-2c09
In base 10, what is 12 - -12?
24
In base 10, what is -1 - -495?
494
In base 13, what is -3 + 857?
854
In base 5, what is -43122 - 2?
-43124
In base 12, what is -a6 - a9?
-193
In base 16, what is 2 + -2a0?
-29e
In base 4, what is 11 - -1130?
1201
In base 13, what is 1 - -44c?
450
In base 8, what is -1527 + 47?
-1460
In base 16, what is a + -7?
3
In base 11, what is 2 + 10?
12
In base 13, what is -46a - -5?
-465
In base 8, what is 2 - -55?
57
In base 3, what is -100202 - -2?
-100200
In base 16, what is -6e + 5?
-69
In base 2, what is 1 + 11000?
11001
In base 16, what is 7f46 - 4?
7f42
In base 14, what is -4 - 35?
-39
In base 7, what is -5 + 32?
24
In base 2, what is -111000111 - 100?
-111001011
In base 9, what is -1 + -524?
-525
In base 4, what is 121013 - 0?
121013
In base 5, what is -31 + 10?
-21
In base 4, what is 10301101 - 10?
10301031
In base 10, what is 402 - 4?
398
In base 13, what is -154 + 33?
-121
In base 9, what is 4 - 2546?
-2542
In base 6, what is 5 - 514?
-505
In base 8, what is -12 - -1144?
1132
In base 14, what is -2 + 2cb?
2c9
In base 3, what is 20111 - -11?
20122
In base 4, what is 100 + 31?
131
In base 11, what is 183 - 5?
179
In base 8, what is 7 + 14?
23
In base 9, what is -1 - 341?
-342
In base 7, what is 330 + 4?
334
In base 12, what is 5846 - 0?
5846
In base 8, what is 3 + -746?
-743
In base 5, what is 2400 + 424?
3324
In base 2, what is -11 - -1000?
101
In base 7, what is -116 + -201?
-320
In base 5, what is 1424 - -2?
1431
In base 9, what is 637 - 6?
631
In base 10, what is 3 - 147?
-144
In base 9, what is 44 + 17?
62
In base 13, what is 13 + -2?
11
In base 10, what is -10 + -135?
-145
In base 4, what is 11 - -210?
221
In base 6, what is -3 + 223?
220
In base 13, what is -6 - -8?
2
In base 3, what is -1210 - -10?
-1200
In base 3, what is 20 + 1022221?
1100011
In base 9, what is -87 + 13?
-74
In base 13, what is -2a + 26?
-4
In base 13, what is -109b - -4?
-1097
In base 15, what is -18 - -a?
-d
In base 7, what is -2565 + -3?
-2601
In base 2, what is -101101001 - 10?
-101101011
In base 13, what is -4ba0 - 3?
-4ba3
In base 9, what is -34 - 135?
-170
In base 6, what is -20403 + -5?
-20412
In base 3, what is -12 + 22101?
22012
In base 6, what is -40320 - -1?
-40315
In base 11, what is 1020 + 3?
1023
In base 4, what is -131111 - -11?
-131100
In base 12, what is 3 - 76?
-73
In base 12, what is 14 - 5?
b
In base 8, what is 5 - 135?
-130
In base 8, what is -5 - 4156?
-4163
In base 8, what is 3 - -10411?
10414
In base 8, what is 756 + 3?
761
In base 11, what is -710 - -3?
-708
In base 3, what is 2 - -101?
110
In base 2, what is -1110010 + 10010?
-1100000
In base 10, what is 1 - -358?
359
In base 3, what is -12 + 11122102?
11122020
In base 9, what is -2 + 187?
185
In base 15, what is 0 + -95?
-95
In base 8, what is 561 - 0?
561
In base 4, what is -2130 + 3?
-2121
In base 15, what is 4 - -2a?
2e
In base 6, what is -3 + -420?
-423
In base 12, what is -1638 - -1?
-1637
In base 15, what is 40 - -10?
50
In base 10, what is -12 + -3?
-15
In base 11, what is -22 + -16?
-38
In base 2, what is -11001011 - -101?
-11000110
In base 8, what is -15 - -34?
17
In base 4, what is -1 - -1202?
1201
In base 16, what is -b + df?
d4
In base 10, what is -377 - -3?
-374
In base 14, what is -5 - 9?
-10
In base 11, what is 1 + 1496?
1497
In base 6, what is 4444 + 4?
4452
In base 2, what is -1111100100 - 101?
-1111101001
In base 11, what is -158 + 2?
-156
In base 5, what is -2304 - -110?
-2144
In base 16, what is -19d - -2?
-19b
In base 12, what is -2470 - -1?
-246b
In base 2, what is 101 - 110?
-1
In base 7, what is 25 + 0?
25
In base 13, what is -10 - 52c?
-53c
In base 2, what is 1010111 + 1011?
1100010
In base 6, what is -2 + 55?
53
In base 15, what is -49b + 5?
-496
In base 15, what is 847 - 0?
847
In base 16, what is 3 + -306?
-303
In base 5, what is 13 + -2113?
-2100
In base 4, what is -1 + 20320?
20313
In base 16, what is -5 + 158c?
1587
In base 14, what is -7 + 12?
9
In base 6, what is -3121 + -2?
-3123
In base 9, what is 11764 - -4?
11768
In base 5, what is -122 + 4?
-113
In base 2, what is 10 + -1111110001?
-1111101111
In base 7, what is 12110 + 2?
12112
In base 13, what is 225b - -1?
225c
In base 5, what is -3313 + 44?
-3214
In base 7, what is 121 + -4?
114
In base 5, what is -4423 + -3?
-4431
In base 15, what is 21 + 22?
43
In base 12, what is b + 39?
48
In base 15, what is -1378 + -4?
-137c
In base 16, what is fc - 5?
f7
In base 13, what is -4 + 64?
60
In base 6, what is 0 - 120?
-120
In base 2, what is 10 + 1101101?
1101111
In base 12, what is 2 + -1174?
-1172
In base 16, what is 31 - 2?
2f
In base 13, what is 1788 - 1?
1787
In base 11, what is 406 - 0?
406
In base 5, what is 4 - -10011?
10020
In base 2, what is 100110110 + 1?
100110111
In base 16, what is -3df - 5?
-3e4
In base 14, what is -4 + 426?
422
In base 4, what is -10100122 + 3?
-10100113
In base 4, what is 10033 - 21?
10012
In base 14, what is -113 + -3?
-116
In base 6, what is -1121 - 24?
-1145
In base 12, what is -180 - 2?
-182
In base 3, what is -1000 + -11?
-1011
In base 4, what is -10 - -1?
-3
In base 14, what is -5 + 5?
0
In base 6, what is 0 + 144?
144
In base 7, what is -1 + -10?
-11
In base 9, what is 372 + 85?
467
In base 3, what is -222102 - 201?
-1000010
In base 3, what is 110 + 222?
1102
In base 11, what is -6 + 7?
1
In base 11, what is a - 186?
-177
In base 14, what is 2 + -75a?
-758
In base 2, what is -11 + 10010001?
10001110
In base 11, what is -1 + -46?
-47
In base 12, what is b7 - 11?
a6
In base 2, what is -11000110000010 - -100?
-11000101111110
In base 16, what is -1 - 38?
-39
In base 14, what is 24 + 14?
38
In base 14, what is 546 - -6?
54c
In base 9, what is 6 - 70?
-63
In base 3, what is 1101211 - -12?
1102000
In base 7, what is -55 - -221?
133
In base 13, what is -b + -46a?
-478
In base 13, what is -2 - -45?
43
In base 2, what is 110 - 0?
110
In base 5, what is -2021 + 3?
-2013
In base 4, what is -300 - 0?
-300
In base 14, what is -3 - -545?
542
In base 5, what is -12113 - -21?
-12042
In base 7, what is -33 + 1140?
1104
In base 12, what is 31b1 - 3?
31aa
In base 5, what is 4030 - 11?
4014
In base 4, what is 3 - 31122?
-31113
In base 7, what is 321 - 11?
310
In base 16, what is -17 + 49?
32
In base 6, what is -5 - 4440?
-4445
In base 3, what is 1 + 1010000?
1010001
In base 5, what is -10 - 40242?
-40302
In base 5, what is -10 - 1210?
-1220
In base 5, what is -20 + 10?
-10
In base 5, what is -203011 + -3?
-203014
In base 3, what is 20021 - -1?
20022
In base 13, what is 62 + -44?
1b
In base 8, what is 56 + 17?
75
In base 5, what is 201303 + -3?
201300
In base 16, what is -569 - 2?
-56b
In base 7, what is 15354 - -4?
15361
In base 9, what is 4 + 636?
641
In base 2, what is 11 - 10101100?
-10101001
In base 8, what is -3721 - 1?
-3722
In base 15, what is -8a - 1?
-8b
In base 13, what is -883 - -7?
-879
In base 3, what is 222 + 22010?
100002
In base 6, what is -2152 + -10?
-2202
In base 2, what is -11 - 101110?
-110001
In base 5, what is 1 + -2423?
-2422
In base 4, what is 13311 + 12?
13323
In base 4, what is 2 + -13021?
-13013
In base 5, what is -202333 - 4?
-202342
In base 2, what is -11 + -111101110?
-111110001
In base 16, what is 1430 + 0?
1430
In base 7, what 